 remainder when 414082 is divided by 2542.
2278
Calculate the remainder when 2037960 is divided by 937.
922
Calculate the remainder when 17145047 is divided by 845.
842
Calculate the remainder when 12488 is divided by 4918.
2652
What is the remainder when 17525 is divided by 1144?
365
Calculate the remainder when 91649 is divided by 3153.
212
What is the remainder when 198495410 is divided by 184304?
2
Calculate the remainder when 309798 is divided by 1238.
298
Calculate the remainder when 24391 is divided by 11877.
637
Calculate the remainder when 294957683 is divided by 119.
118
Calculate the remainder when 8226346 is divided by 216482.
30
What is the remainder when 11897038 is divided by 456?
454
What is the remainder when 79142 is divided by 2540?
402
What is the remainder when 608492 is divided by 2561?
1535
What is the remainder when 12895570 is divided by 24?
10
Calculate the remainder when 4971 is divided by 752.
459
What is the remainder when 3309907 is divided by 94568?
27
What is the remainder when 18319 is divided by 732?
19
Calculate the remainder when 14441 is divided by 13857.
584
Calculate the remainder when 104548894 is divided by 292036.
6
Calculate the remainder when 83179 is divided by 2422.
831
What is the remainder when 121902 is divided by 30198?
1110
Calculate the remainder when 187197548 is divided by 46799385.
8
What is the remainder when 138170 is divided by 68752?
666
Calculate the remainder when 21387560 is divided by 81.
77
What is the remainder when 38019905 is divided by 2803?
13
What is the remainder when 676255 is divided by 880?
415
What is the remainder when 432925 is divided by 889?
871
Calculate the remainder when 2411928 is divided by 71.
58
Calculate the remainder when 791513 is divided by 263835.
8
Calculate the remainder when 15589 is divided by 116.
45
Calculate the remainder when 97504482 is divided by 11.
9
Calculate the remainder when 403453 is divided by 118.
11
Calculate the remainder when 1137354 is divided by 50.
4
Calculate the remainder when 117933 is divided by 12833.
2436
Calculate the remainder when 380751 is divided by 380636.
115
Calculate the remainder when 4659186 is divided by 67.
6
What is the remainder when 129158 is divided by 1552?
342
What is the remainder when 258861 is divided by 2205?
876
What is the remainder when 172506583 is divided by 7841208?
7
Calculate the remainder when 12064 is divided by 5413.
1238
Calculate the remainder when 71583 is divided by 579.
366
What is the remainder when 120100 is divided by 29992?
132
What is the remainder when 11650983 is divided by 487?
482
What is the remainder when 2568263 is divided by 13376?
71
What is the remainder when 1066514 is divided by 34?
2
Calculate the remainder when 999038 is divided by 113.
5
Calculate the remainder when 1599049 is divided by 266037.
2827
What is the remainder when 31415937 is divided by 1495997?
0
Calculate the remainder when 62157 is divided by 2139.
126
What is the remainder when 479694 is divided by 10496?
7374
Calculate the remainder when 8207277 is divided by 2735755.
12
What is the remainder when 14774 is divided by 1210?
254
Calculate the remainder when 35913002 is divided by 1344.
1322
What is the remainder when 2694340 is divided by 538856?
60
What is the remainder when 149067 is divided by 680?
147
What is the remainder when 45562 is divided by 15175?
37
What is the remainder when 14822719 is divided by 747?
745
Calculate the remainder when 16680167 is divided by 11872.
7
What is the remainder when 121324882 is divided by 333?
328
What is the remainder when 10079148 is divided by 3359707?
27
Calculate the remainder when 374583 is divided by 124861.
0
What is the remainder when 77917127 is divided by 14?
1
Calculate the remainder when 29485627 is divided by 930.
907
Calculate the remainder when 283138 is divided by 93325.
3163
What is the remainder when 3533166 is divided by 21945?
21
Calculate the remainder when 162831 is divided by 1527.
969
What is the remainder when 12125312 is divided by 418114?
6
Calculate the remainder when 21670062 is divided by 1031907.
15
What is the remainder when 190359 is divided by 1699?
71
What is the remainder when 4117622 is divided by 82347?
272
What is the remainder when 563397 is divided by 51214?
43
What is the remainder when 976743 is divided by 81327?
819
Calculate the remainder when 1125817 is divided by 187613.
139
What is the remainder when 17510570 is divided by 1620?
1610
What is the remainder when 1824203 is divided by 10676?
9283
What is the remainder when 43768366 is divided by 144?
142
Calculate the remainder when 305758575 is divided by 31.
26
Calculate the remainder when 285524 is divided by 1354.
1184
Calculate the remainder when 12645356 is divided by 367.
4
What is the remainder when 31601947 is divided by 2364?
2359
What is the remainder when 30853846 is divided by 239177?
13
Calculate the remainder when 60182109 is divided by 169.
26
Calculate the remainder when 9338671 is divided by 377.
4
Calculate the remainder when 23643869 is divided by 38697.
2
What is the remainder when 8255342 is divided by 2751779?
5
Calculate the remainder when 21499266 is divided by 1529.
1526
Calculate the remainder when 613176935 is divided by 8.
7
What is the remainder when 22882153 is divided by 62?
61
Calculate the remainder when 9690772 is divided by 605673.
4
What is the remainder when 48532043 is divided by 12?
11
What is the remainder when 6433197 is divided by 3216574?
49
What is the remainder when 479782 is divided by 39?
4
What is the remainder when 1113336 is divided by 34?
6
What is the remainder when 386551 is divided by 549?
55
What is the remainder when 7368196 is divided by 2284?
12
What is the remainder when 2008522 is divided by 98?
12
What is the remainder when 55068 is divided by 3247?
3116
Calculate the remainder when 2634196 is divided by 6.
4
What is the remainder when 1120021 is divided by 240?
181
What is the remainder when 1599439 is divided by 77?
72
What is the remainder when 36420993 is divided by 1883?
7
What is the remainder when 3147715 is divided by 3147695?
20
What is the remainder when 270887 is divided by 892?
611
What is the remainder when 18278663 is divided by 1045?
568
What is the remainder when 12589114 is divided by 2378?
2360
What is the remainder when 3255523 is divided by 2067?
2065
What is the remainder when 17872183 is divided by 68?
15
Calculate the remainder when 1489316 is divided by 19.
1
Calculate the remainder when 19666951 is divided by 11.
7
What is the remainder when 23245 is divided by 7587?
484
Calculate the remainder when 129746 is divided by 196.
190
What is the remainder when 33751184 is divided by 612?
608
Calculate the remainder when 7814 is divided by 57.
5
What is the remainder when 309017 is divided by 936?
137
What is the remainder when 6319425 is divided by 789926?
17
What is the remainder when 513421 is divided by 4080?
3421
Calculate the remainder when 3192416 is divided by 354711.
17
Calculate the remainder when 806871 is divided by 4917.
483
What is the remainder when 38361537 is divided by 20?
17
Calculate the remainder when 5283778 is divided by 742.
738
Calculate the remainder when 7846327 is divided by 621.
613
What is the remainder when 3066829 is divided by 420?
409
Calculate the remainder when 669334 is divided by 185.
4
Calculate the remainder when 41459 is divided by 40698.
761
What is the remainder when 1270936 is divided by 423549?
289
Calculate the remainder when 35868 is divided by 52.
40
What is the remainder when 5488218 is divided by 138?
96
Calculate the remainder when 77861 is divided by 3067.
1186
What is the remainder when 74883 is divided by 1965?
213
What is the remainder when 705304 is divided by 8075?
2779
Calculate the remainder when 73466 is divided by 4276.
774
What is the remainder when 48101 is divided by 215?
156
Calculate the remainder when 125098751 is divided by 801915.
11
Calculate the remainder when 30208513 is divided by 26.
23
Calculate the remainder when 1213351 is divided by 302.
217
Calculate the remainder when 59766407 is divided by 10.
7
Calculate the remainder when 1772781 is divided by 590664.
789
What is the remainder when 11043894 is divid